{"id":2436,"date":"2020-10-13T13:21:59","date_gmt":"2020-10-13T11:21:59","guid":{"rendered":"http:\/\/roulopa.com\/?post_type=product&#038;p=2436"},"modified":"2023-11-23T17:55:07","modified_gmt":"2023-11-23T16:55:07","slug":"carte-postale-18","status":"publish","type":"product","link":"https:\/\/roulopa.com\/index.php\/produit\/carte-postale-18\/","title":{"rendered":"Florian ausculte la dentition de Victor, 2023"},"content":{"rendered":"<p>[et_pb_section fb_built=\u00a0\u00bb1&Prime; _builder_version=\u00a0\u00bb3.22&Prime; custom_padding=\u00a0\u00bb0px||||false|false\u00a0\u00bb][et_pb_row _builder_version=\u00a0\u00bb3.25&Prime; background_size=\u00a0\u00bbinitial\u00a0\u00bb background_position=\u00a0\u00bbtop_left\u00a0\u00bb background_repeat=\u00a0\u00bbrepeat\u00a0\u00bb width=\u00a0\u00bb100%\u00a0\u00bb custom_padding=\u00a0\u00bb0px||0px||false|false\u00a0\u00bb][et_pb_column type=\u00a0\u00bb4_4&Prime; _builder_version=\u00a0\u00bb3.25&Prime; custom_padding=\u00a0\u00bb|||\u00a0\u00bb custom_padding__hover=\u00a0\u00bb|||\u00a0\u00bb][et_pb_wc_breadcrumb _builder_version=\u00a0\u00bb3.0.47&Prime;][\/et_pb_wc_breadcrumb][et_pb_wc_cart_notice _builder_version=\u00a0\u00bb3.0.47&Prime;][\/et_pb_wc_cart_notice][\/et_pb_column][\/et_pb_row][et_pb_row column_structure=\u00a0\u00bb1_2,1_2&Prime; _builder_version=\u00a0\u00bb3.25&Prime; background_size=\u00a0\u00bbinitial\u00a0\u00bb background_position=\u00a0\u00bbtop_left\u00a0\u00bb background_repeat=\u00a0\u00bbrepeat\u00a0\u00bb width=\u00a0\u00bb100%\u00a0\u00bb custom_padding=\u00a0\u00bb0px||||false|false\u00a0\u00bb][et_pb_column type=\u00a0\u00bb1_2&Prime; _builder_version=\u00a0\u00bb3.25&Prime; custom_padding=\u00a0\u00bb|||\u00a0\u00bb custom_padding__hover=\u00a0\u00bb|||\u00a0\u00bb][et_pb_wc_images _builder_version=\u00a0\u00bb3.0.47&Prime;][\/et_pb_wc_images][\/et_pb_column][et_pb_column type=\u00a0\u00bb1_2&Prime; _builder_version=\u00a0\u00bb3.25&Prime; custom_padding=\u00a0\u00bb|||\u00a0\u00bb custom_padding__hover=\u00a0\u00bb|||\u00a0\u00bb][et_pb_wc_title _builder_version=\u00a0\u00bb3.0.47&Prime;][\/et_pb_wc_title][et_pb_wc_rating _builder_version=\u00a0\u00bb3.0.47&Prime;][\/et_pb_wc_rating][et_pb_wc_price _builder_version=\u00a0\u00bb3.0.47&Prime;][\/et_pb_wc_price][et_pb_wc_description _builder_version=\u00a0\u00bb3.0.47&Prime;][\/et_pb_wc_description][et_pb_wc_add_to_cart _builder_version=\u00a0\u00bb3.0.47&Prime;][\/et_pb_wc_add_to_cart][et_pb_wc_meta _builder_version=\u00a0\u00bb3.0.47&Prime;][\/et_pb_wc_meta][\/et_pb_column][\/et_pb_row][et_pb_row _builder_version=\u00a0\u00bb3.25&Prime; background_size=\u00a0\u00bbinitial\u00a0\u00bb background_position=\u00a0\u00bbtop_left\u00a0\u00bb background_repeat=\u00a0\u00bbrepeat\u00a0\u00bb width=\u00a0\u00bb100%\u00a0\u00bb][et_pb_column type=\u00a0\u00bb4_4&Prime; _builder_version=\u00a0\u00bb3.25&Prime; custom_padding=\u00a0\u00bb|||\u00a0\u00bb custom_padding__hover=\u00a0\u00bb|||\u00a0\u00bb][et_pb_wc_tabs _builder_version=\u00a0\u00bb3.0.47&Prime;]\t\t\t\t\t[\/et_pb_wc_tabs][et_pb_wc_upsells _builder_version=\u00a0\u00bb3.0.47&Prime;][\/et_pb_wc_upsells][et_pb_wc_related_products _builder_version=\u00a0\u00bb3.0.47&Prime;][\/et_pb_wc_related_products][\/et_pb_column][\/et_pb_row][\/et_pb_section]<\/p>\n","protected":false},"excerpt":{"rendered":"<p>Une fois tous les 18 mois, le v\u00e9t\u00e9rinaire dentiste ausculte<br \/>\net lime les dents qui poussent en continu.<br \/>\nFlorian se pr\u00eate \u00e0 l&rsquo;exercice, profitant du \u00ab\u00a0pas d&rsquo;\u00e2ne\u00a0\u00bb (\u00e9carteur) assurant la manipulation.<br \/>\nOctobre 2023, Ploerdut 56<\/p>\n","protected":false},"featured_media":3371,"comment_status":"open","ping_status":"closed","template":"","meta":{"_et_pb_use_builder":"on","_et_pb_old_content":"Une fois tous les 18 mois, le v\u00e9t\u00e9rinaire dentiste ausculte\r\net lime les dents qui poussent en continu.\r\nFlorian se pr\u00eate \u00e0 l'exercice, profitant du \"pas d'\u00e2ne\" (\u00e9carteur) assurant la manipulation.\r\nOctobre 2023, Ploerdut 56","_et_gb_content_width":"","om_disable_all_campaigns":false,"_monsterinsights_skip_tracking":false,"_monsterinsights_sitenote_active":false,"_monsterinsights_sitenote_note":"","_monsterinsights_sitenote_category":0,"jetpack_post_was_ever_published":false,"jetpack_publicize_message":"Carte postale 18","jetpack_publicize_feature_enabled":true,"jetpack_social_post_already_shared":true,"jetpack_social_options":{"image_generator_settings":{"template":"highway","default_image_id":0,"font":"","enabled":false},"version":2}},"product_brand":[],"product_cat":[494,496],"product_tag":[504,561,560,559,558],"class_list":{"0":"post-2436","1":"product","2":"type-product","3":"status-publish","4":"has-post-thumbnail","6":"product_cat-carte-postale","7":"product_cat-produits","8":"product_tag-carte-postale","9":"product_tag-sante","10":"product_tag-soin","11":"product_tag-veterinaire","12":"product_tag-victor","14":"first","15":"instock","16":"shipping-taxable","17":"purchasable","18":"product-type-simple"},"yoast_head":"<!-- This site is optimized with the Yoast SEO plugin v27.4 - https:\/\/yoast.com\/product\/yoast-seo-wordpress\/ -->\n<title>Florian ausculte la dentition de Victor, 2023 - Roulopa<\/title>\n<meta name=\"description\" content=\"carte postale : Victor et Florian, Exp\u00e9dition ROULOPA, 2023, Ploerdut 56\" \/>\n<meta name=\"robots\" content=\"index, follow, max-snippet:-1, max-image-preview:large, max-video-preview:-1\" \/>\n<link rel=\"canonical\" href=\"https:\/\/roulopa.com\/index.php\/produit\/carte-postale-18\/\" \/>\n<meta property=\"og:locale\" content=\"fr_FR\" \/>\n<meta property=\"og:type\" content=\"article\" \/>\n<meta property=\"og:title\" content=\"Florian ausculte la dentition de Victor, 2023 - Roulopa\" \/>\n<meta property=\"og:description\" content=\"carte postale : Victor et Florian, Exp\u00e9dition ROULOPA, 2023, Ploerdut 56\" \/>\n<meta property=\"og:url\" content=\"https:\/\/roulopa.com\/index.php\/produit\/carte-postale-18\/\" \/>\n<meta property=\"og:site_name\" content=\"Roulopa\" \/>\n<meta property=\"article:publisher\" content=\"https:\/\/www.facebook.com\/roulopa\/\" \/>\n<meta property=\"article:modified_time\" content=\"2023-11-23T16:55:07+00:00\" \/>\n<meta property=\"og:image\" content=\"https:\/\/roulopa.com\/wp-content\/uploads\/2020\/10\/carte-postale_1.png\" \/>\n\t<meta property=\"og:image:width\" content=\"310\" \/>\n\t<meta property=\"og:image:height\" content=\"437\" \/>\n\t<meta property=\"og:image:type\" content=\"image\/png\" \/>\n<meta name=\"twitter:card\" content=\"summary_large_image\" \/>\n<meta name=\"twitter:label1\" content=\"Dur\u00e9e de lecture estim\u00e9e\" \/>\n\t<meta name=\"twitter:data1\" content=\"1 minute\" \/>\n<script type=\"application\/ld+json\" class=\"yoast-schema-graph\">{\"@context\":\"https:\\\/\\\/schema.org\",\"@graph\":[{\"@type\":\"WebPage\",\"@id\":\"https:\\\/\\\/roulopa.com\\\/index.php\\\/produit\\\/carte-postale-18\\\/\",\"url\":\"https:\\\/\\\/roulopa.com\\\/index.php\\\/produit\\\/carte-postale-18\\\/\",\"name\":\"Florian ausculte la dentition de Victor, 2023 - Roulopa\",\"isPartOf\":{\"@id\":\"https:\\\/\\\/roulopa.com\\\/#website\"},\"primaryImageOfPage\":{\"@id\":\"https:\\\/\\\/roulopa.com\\\/index.php\\\/produit\\\/carte-postale-18\\\/#primaryimage\"},\"image\":{\"@id\":\"https:\\\/\\\/roulopa.com\\\/index.php\\\/produit\\\/carte-postale-18\\\/#primaryimage\"},\"thumbnailUrl\":\"https:\\\/\\\/i0.wp.com\\\/roulopa.com\\\/wp-content\\\/uploads\\\/2020\\\/10\\\/carte-postale_1.png?fit=310%2C437&ssl=1\",\"datePublished\":\"2020-10-13T11:21:59+00:00\",\"dateModified\":\"2023-11-23T16:55:07+00:00\",\"description\":\"carte postale : Victor et Florian, Exp\u00e9dition ROULOPA, 2023, Ploerdut 56\",\"breadcrumb\":{\"@id\":\"https:\\\/\\\/roulopa.com\\\/index.php\\\/produit\\\/carte-postale-18\\\/#breadcrumb\"},\"inLanguage\":\"fr-FR\",\"potentialAction\":[{\"@type\":\"ReadAction\",\"target\":[\"https:\\\/\\\/roulopa.com\\\/index.php\\\/produit\\\/carte-postale-18\\\/\"]}]},{\"@type\":\"ImageObject\",\"inLanguage\":\"fr-FR\",\"@id\":\"https:\\\/\\\/roulopa.com\\\/index.php\\\/produit\\\/carte-postale-18\\\/#primaryimage\",\"url\":\"https:\\\/\\\/i0.wp.com\\\/roulopa.com\\\/wp-content\\\/uploads\\\/2020\\\/10\\\/carte-postale_1.png?fit=310%2C437&ssl=1\",\"contentUrl\":\"https:\\\/\\\/i0.wp.com\\\/roulopa.com\\\/wp-content\\\/uploads\\\/2020\\\/10\\\/carte-postale_1.png?fit=310%2C437&ssl=1\",\"width\":310,\"height\":437,\"caption\":\"Une fois tous les 18 mois, le v\u00e9t\u00e9rinaire dentiste ausculte et lime les dents qui poussent en continu.\"},{\"@type\":\"BreadcrumbList\",\"@id\":\"https:\\\/\\\/roulopa.com\\\/index.php\\\/produit\\\/carte-postale-18\\\/#breadcrumb\",\"itemListElement\":[{\"@type\":\"ListItem\",\"position\":1,\"name\":\"Accueil\",\"item\":\"https:\\\/\\\/roulopa.com\\\/\"},{\"@type\":\"ListItem\",\"position\":2,\"name\":\"Boutique\",\"item\":\"https:\\\/\\\/roulopa.com\\\/index.php\\\/boutique\\\/\"},{\"@type\":\"ListItem\",\"position\":3,\"name\":\"Florian ausculte la dentition de Victor, 2023\"}]},{\"@type\":\"WebSite\",\"@id\":\"https:\\\/\\\/roulopa.com\\\/#website\",\"url\":\"https:\\\/\\\/roulopa.com\\\/\",\"name\":\"Roulopa\",\"description\":\"exp\u00e9dition en Roulotte \u00e0 cheval : animations, g\u00eete, accueils scolaires, attelage\",\"publisher\":{\"@id\":\"https:\\\/\\\/roulopa.com\\\/#organization\"},\"potentialAction\":[{\"@type\":\"SearchAction\",\"target\":{\"@type\":\"EntryPoint\",\"urlTemplate\":\"https:\\\/\\\/roulopa.com\\\/?s={search_term_string}\"},\"query-input\":{\"@type\":\"PropertyValueSpecification\",\"valueRequired\":true,\"valueName\":\"search_term_string\"}}],\"inLanguage\":\"fr-FR\"},{\"@type\":\"Organization\",\"@id\":\"https:\\\/\\\/roulopa.com\\\/#organization\",\"name\":\"roulopa\",\"url\":\"https:\\\/\\\/roulopa.com\\\/\",\"logo\":{\"@type\":\"ImageObject\",\"inLanguage\":\"fr-FR\",\"@id\":\"https:\\\/\\\/roulopa.com\\\/#\\\/schema\\\/logo\\\/image\\\/\",\"url\":\"https:\\\/\\\/i2.wp.com\\\/roulopa.com\\\/wp-content\\\/uploads\\\/2017\\\/12\\\/roulopa_final.jpg?fit=2048%2C1011&ssl=1\",\"contentUrl\":\"https:\\\/\\\/i2.wp.com\\\/roulopa.com\\\/wp-content\\\/uploads\\\/2017\\\/12\\\/roulopa_final.jpg?fit=2048%2C1011&ssl=1\",\"width\":2048,\"height\":1011,\"caption\":\"roulopa\"},\"image\":{\"@id\":\"https:\\\/\\\/roulopa.com\\\/#\\\/schema\\\/logo\\\/image\\\/\"},\"sameAs\":[\"https:\\\/\\\/www.facebook.com\\\/roulopa\\\/\",\"https:\\\/\\\/www.instagram.com\\\/roulopa\\\/\",\"https:\\\/\\\/www.pinterest.fr\\\/roulopa\\\/\",\"https:\\\/\\\/www.youtube.com\\\/channel\\\/UC5BRVVWv8QY35HjOtAPaROA\\\/featured\"]}]}<\/script>\n<!-- \/ Yoast SEO plugin. -->","yoast_head_json":{"title":"Florian ausculte la dentition de Victor, 2023 - Roulopa","description":"carte postale : Victor et Florian, Exp\u00e9dition ROULOPA, 2023, Ploerdut 56","robots":{"index":"index","follow":"follow","max-snippet":"max-snippet:-1","max-image-preview":"max-image-preview:large","max-video-preview":"max-video-preview:-1"},"canonical":"https:\/\/roulopa.com\/index.php\/produit\/carte-postale-18\/","og_locale":"fr_FR","og_type":"article","og_title":"Florian ausculte la dentition de Victor, 2023 - Roulopa","og_description":"carte postale : Victor et Florian, Exp\u00e9dition ROULOPA, 2023, Ploerdut 56","og_url":"https:\/\/roulopa.com\/index.php\/produit\/carte-postale-18\/","og_site_name":"Roulopa","article_publisher":"https:\/\/www.facebook.com\/roulopa\/","article_modified_time":"2023-11-23T16:55:07+00:00","og_image":[{"width":310,"height":437,"url":"https:\/\/roulopa.com\/wp-content\/uploads\/2020\/10\/carte-postale_1.png","type":"image\/png"}],"twitter_card":"summary_large_image","twitter_misc":{"Dur\u00e9e de lecture estim\u00e9e":"1 minute"},"schema":{"@context":"https:\/\/schema.org","@graph":[{"@type":"WebPage","@id":"https:\/\/roulopa.com\/index.php\/produit\/carte-postale-18\/","url":"https:\/\/roulopa.com\/index.php\/produit\/carte-postale-18\/","name":"Florian ausculte la dentition de Victor, 2023 - Roulopa","isPartOf":{"@id":"https:\/\/roulopa.com\/#website"},"primaryImageOfPage":{"@id":"https:\/\/roulopa.com\/index.php\/produit\/carte-postale-18\/#primaryimage"},"image":{"@id":"https:\/\/roulopa.com\/index.php\/produit\/carte-postale-18\/#primaryimage"},"thumbnailUrl":"https:\/\/i0.wp.com\/roulopa.com\/wp-content\/uploads\/2020\/10\/carte-postale_1.png?fit=310%2C437&ssl=1","datePublished":"2020-10-13T11:21:59+00:00","dateModified":"2023-11-23T16:55:07+00:00","description":"carte postale : Victor et Florian, Exp\u00e9dition ROULOPA, 2023, Ploerdut 56","breadcrumb":{"@id":"https:\/\/roulopa.com\/index.php\/produit\/carte-postale-18\/#breadcrumb"},"inLanguage":"fr-FR","potentialAction":[{"@type":"ReadAction","target":["https:\/\/roulopa.com\/index.php\/produit\/carte-postale-18\/"]}]},{"@type":"ImageObject","inLanguage":"fr-FR","@id":"https:\/\/roulopa.com\/index.php\/produit\/carte-postale-18\/#primaryimage","url":"https:\/\/i0.wp.com\/roulopa.com\/wp-content\/uploads\/2020\/10\/carte-postale_1.png?fit=310%2C437&ssl=1","contentUrl":"https:\/\/i0.wp.com\/roulopa.com\/wp-content\/uploads\/2020\/10\/carte-postale_1.png?fit=310%2C437&ssl=1","width":310,"height":437,"caption":"Une fois tous les 18 mois, le v\u00e9t\u00e9rinaire dentiste ausculte et lime les dents qui poussent en continu."},{"@type":"BreadcrumbList","@id":"https:\/\/roulopa.com\/index.php\/produit\/carte-postale-18\/#breadcrumb","itemListElement":[{"@type":"ListItem","position":1,"name":"Accueil","item":"https:\/\/roulopa.com\/"},{"@type":"ListItem","position":2,"name":"Boutique","item":"https:\/\/roulopa.com\/index.php\/boutique\/"},{"@type":"ListItem","position":3,"name":"Florian ausculte la dentition de Victor, 2023"}]},{"@type":"WebSite","@id":"https:\/\/roulopa.com\/#website","url":"https:\/\/roulopa.com\/","name":"Roulopa","description":"exp\u00e9dition en Roulotte \u00e0 cheval : animations, g\u00eete, accueils scolaires, attelage","publisher":{"@id":"https:\/\/roulopa.com\/#organization"},"potentialAction":[{"@type":"SearchAction","target":{"@type":"EntryPoint","urlTemplate":"https:\/\/roulopa.com\/?s={search_term_string}"},"query-input":{"@type":"PropertyValueSpecification","valueRequired":true,"valueName":"search_term_string"}}],"inLanguage":"fr-FR"},{"@type":"Organization","@id":"https:\/\/roulopa.com\/#organization","name":"roulopa","url":"https:\/\/roulopa.com\/","logo":{"@type":"ImageObject","inLanguage":"fr-FR","@id":"https:\/\/roulopa.com\/#\/schema\/logo\/image\/","url":"https:\/\/i2.wp.com\/roulopa.com\/wp-content\/uploads\/2017\/12\/roulopa_final.jpg?fit=2048%2C1011&ssl=1","contentUrl":"https:\/\/i2.wp.com\/roulopa.com\/wp-content\/uploads\/2017\/12\/roulopa_final.jpg?fit=2048%2C1011&ssl=1","width":2048,"height":1011,"caption":"roulopa"},"image":{"@id":"https:\/\/roulopa.com\/#\/schema\/logo\/image\/"},"sameAs":["https:\/\/www.facebook.com\/roulopa\/","https:\/\/www.instagram.com\/roulopa\/","https:\/\/www.pinterest.fr\/roulopa\/","https:\/\/www.youtube.com\/channel\/UC5BRVVWv8QY35HjOtAPaROA\/featured"]}]}},"jetpack_publicize_connections":[],"jetpack_sharing_enabled":true,"_links":{"self":[{"href":"https:\/\/roulopa.com\/index.php\/wp-json\/wp\/v2\/product\/2436","targetHints":{"allow":["GET"]}}],"collection":[{"href":"https:\/\/roulopa.com\/index.php\/wp-json\/wp\/v2\/product"}],"about":[{"href":"https:\/\/roulopa.com\/index.php\/wp-json\/wp\/v2\/types\/product"}],"replies":[{"embeddable":true,"href":"https:\/\/roulopa.com\/index.php\/wp-json\/wp\/v2\/comments?post=2436"}],"wp:featuredmedia":[{"embeddable":true,"href":"https:\/\/roulopa.com\/index.php\/wp-json\/wp\/v2\/media\/3371"}],"wp:attachment":[{"href":"https:\/\/roulopa.com\/index.php\/wp-json\/wp\/v2\/media?parent=2436"}],"wp:term":[{"taxonomy":"product_brand","embeddable":true,"href":"https:\/\/roulopa.com\/index.php\/wp-json\/wp\/v2\/product_brand?post=2436"},{"taxonomy":"product_cat","embeddable":true,"href":"https:\/\/roulopa.com\/index.php\/wp-json\/wp\/v2\/product_cat?post=2436"},{"taxonomy":"product_tag","embeddable":true,"href":"https:\/\/roulopa.com\/index.php\/wp-json\/wp\/v2\/product_tag?post=2436"}],"curies":[{"name":"wp","href":"https:\/\/api.w.org\/{rel}","templated":true}]}}